2)?
-117
Let a(p) = -4025*p + 185142. Calculate a(46).
-8
Let n(a) = -83*a + 21. Give n(1).
-62
Let h(q) = -q**2 - 42*q + 76. Give h(-34).
348
Let k(t) = 146*t - 243. What is k(2)?
49
Let i(p) = 3*p**3 - 21*p**2 - 1265*p + 7687. Give i(6).
-11
Let q(s) = -656*s + 2621. Calculate q(4).
-3
Let s(t) = t**3 + 14*t**2 + 13*t + 37. Give s(-13).
37
Let i(w) = -w**3 - 379*w**2 - 2253*w - 89. Determine i(-6).
1
Let f(g) = -246*g + 14517. Give f(59).
3
Let a(f) = 77*f + 152. Calculate a(-3).
-79
Let y(u) = -336*u - 2356. Determine y(-7).
-4
Let y(z) = 10327*z - 61969. Determine y(6).
-7
Let r(j) = 1322*j - 34347. Determine r(26).
25
Let c(w) = w**2 - 9*w - 43. Calculate c(-6).
47
Let t(d) = 2*d**2 - 39*d + 175. Determine t(7).
0
Let j(u) = -93*u - 643. Determine j(-7).
8
Let u(g) = g**3 + g**2 - 30*g - 28. What is u(6)?
44
Let h(u) = -30*u**2 + 336*u - 60. What is h(11)?
6
Let g(r) = -2*r**2 + 71*r + 638. Give g(43).
-7
Let t(k) = k**3 - 30*k**2 - 5. Calculate t(30).
-5
Let i(t) = 2*t**2 + 80*t - 138. What is i(-42)?
30
Let p(w) = -w**3 - 73*w**2 + 148*w - 164. What is p(-75)?
-14
Let d(f) = f**2 - 24*f - 164. Give d(-23).
917
Let o(r) = -238*r - 97. Calculate o(2).
-573
Let a(i) = i**3 - 3*i**2 + 5*i + 228. Calculate a(0).
228
Let z(r) = 3*r**2 + 44*r + 3. Determine z(-20).
323
Let p(l) = -l**3 + 14*l**2 - 37*l - 4. Calculate p(11).
-48
Let m(p) = 4*p**3 + 10*p**2 + 14*p - 25. What is m(-3)?
-85
Let w(h) = 8*h**2 + 254*h - 323. Calculate w(-33).
7
Let r(v) = -4*v**2 + 213*v - 49. Give r(53).
4
Let x(n) = -28*n**2 + 1763*n + 66. Determine x(63).
3
Let l(a) = -10*a**2 + 58*a - 9. Give l(5).
31
Let b(w) = -2*w**2 - 11*w + 1. Determine b(-5).
6
Let g(w) = -3*w**3 - w - 23. Determine g(0).
-23
Let j(s) = -810*s - 796. Give j(-1).
14
Let s(f) = f**3 - 6*f**2 - 24. Determine s(7).
25
Let h(i) = -37*i**2 + 107*i + 14. Give h(3).
2
Let i(y) = 162*y - 8309. Determine i(51).
-47
Let x(c) = -c**2 - 450*c + 4601. Determine x(10).
1
Let m(d) = d + 5. Give m(12).
17
Let t(h) = -15*h + 562. Determine t(64).
-398
Let d(h) = h - 15. Determine d(-2).
-17
Let m(z) = 2*z**3 + 138*z**2 + 264*z - 267. Calculate m(-67).
1
Let j(v) = 36*v + 360. Calculate j(-10).
0
Let j(k) = -64*k + 131. Determine j(2).
3
Let m(s) = -7*s**2 - 16*s - 74. Give m(-7).
-305
Let f(o) = 8*o**3 - 2*o**2 - 3*o + 4. What is f(1)?
7
Let f(q) = -26*q + 553. Calculate f(23).
-45
Let o(i) = i**3 - 751*i**2 + 2983*i + 12. Give o(4).
-8
Let t(q) = 9*q**2 - 11*q + 12. Calculate t(2).
26
Let y(k) = -4*k**2 + 13*k + 39. Calculate y(-4).
-77
Let n(u) = 14*u - 112. What is n(7)?
-14
Let a(z) = z**3 - 4*z**2 - 8*z + 5. What is a(-3)?
-34
Let c(y) = y**2 - 243*y - 3051. Give c(-12).
9
Let d(y) = -166*y + 155. Give d(2).
-177
Let u(l) = l**3 - 21*l**2 - 94*l + 521. Give u(24).
-7
Let t(n) = 5*n**2 - 40*n - 492. What is t(-11)?
553
Let s(h) = -16*h**2 + 2142*h + 266. Determine s(134).
-2
Let p(b) = -175*b - 59493. What is p(-340)?
7
Let j(k) = 47*k**2 - 7*k + 5. Give j(-2).
207
Let q(n) = -2*n**3 + 23*n**2 + 23*n - 18. Determine q(12).
114
Let o(y) = 26*y + 21. Give o(5).
151
Let t(f) = f + 48. What is t(-41)?
7
Let u(o) = -804*o + 835. Give u(1).
31
Let m(w) = 13*w - 461. Calculate m(35).
-6
Let j(g) = 1233*g - 1228. Determine j(1).
5
Let u(x) = -263*x**3 + 229*x + 230. Calculate u(-1).
264
Let d(g) = -24*g + 892. What is d(38)?
-20
Let j(v) = 201*v - 7835. Give j(39).
4
Let u(n) = -8*n + 24. Determine u(26).
-184
Let s(n) = -n**3 + 18*n**2 + 91*n - 28. Calculate s(21).
560
Let q(y) = 578*y + 1. Calculate q(0).
1
Let q(c) = -60*c**2 - 72*c + 196. Calculate q(3).
-560
Let s(t) = -t**3 - 19*t**2 - 53*t + 8. Calculate s(-12).
-364
Let x(t) = t**3 - 8*t**2 - 49*t + 384. Calculate x(8).
-8
Let z(k) = k**3 + 7*k**2 - k + 15. What is z(-8)?
-41
Let z(j) = j**2 + 31*j + 159. Calculate z(-7).
-9
Let k(s) = 7*s**2 - 31*s + 114. Determine k(5).
134
Let j(m) = 23*m - 36. Give j(-5).
-151
Let t(v) = -v**3 - 17*v**2 - 58*v - 12. What is t(-13)?
66
Let u(r) = r**2 - 19*r + 14. Determine u(9).
-76
Let i(j) = 523*j + 14110. Determine i(-27).
-11
Let t(o) = 436*o - 35. Calculate t(0).
-35
Let h(g) = 162*g**2 - 2405*g - 370. What is h(15)?
5
Let r(t) = -t**3 + 5*t**2 - 5*t + 7. Determine r(4).
3
Let y(a) = -1110*a - 16625. What is y(-15)?
25
Let x(u) = 10*u**2 + 11*u - 31. Determine x(3).
92
Let m(a) = 1000*a + 3960. Calculate m(-4).
-40
Let q(j) = -45*j**2 + 676*j - 14. What is q(15)?
1
Let r(f) = -f**2 + 18*f - 127. What is r(23)?
-242
Let p(j) = 69*j + 2714. Calculate p(-39).
23
Let y(p) = 2*p**2 + 69*p - 111. Give y(-34).
-145
Let f(t) = -10*t**3 + 7*t**2 + 17*t + 45. What is f(-3)?
327
Let g(f) = 1632*f - 4825. What is g(3)?
71
Let p(r) = -348*r - 4590. What is p(-13)?
-66
Let r(l) = -26*l - 957. Give r(-37).
5
Let o(j) = -14*j - 594. Determine o(-18).
-342
Let g(o) = -103*o - 713. What is g(-7)?
8
Let p(u) = -28*u**2 - u - 13. Calculate p(4).
-465
Let r(c) = 6*c**3 + 57*c**2 - 26*c - 13. What is r(-10)?
-53
Let s(g) = 354*g + 7075. Give s(-20).
-5
Let s(b) = -b**3 - 19*b**2 + 37*b + 195. Give s(-20).
-145
Let z(m) = m**2 - 219*m + 11940. Determine z(116).
-8
Let d(s) = s**2 + 160*s + 6265. Calculate d(-69).
-14
Let j(b) = -b**3 + 32*b + 19. Determine j(-10).
699
Let w(c) = -13*c**2 + 110*c - 66. Determine w(8).
-18
Let l(n) = -24*n**2 - 77*n - 3. Calculate l(-2).
55
Let f(j) = -13*j**2 + 15*j + 28. Calculate f(-2).
-54
Let n(t) = -t**2 - 93*t - 1765. Give n(-70).
-155
Let a(r) = -r**2 - 124*r - 2258. Determine a(-102).
-14
Let r(h) = 2*h**2 + 17*h + 21. What is r(-3)?
-12
Let v(s) = 433*s + 1293. Calculate v(-3).
-6
Let f(x) = x**3 + 14*x**2 - 17*x + 438. Calculate f(-18).
-552
Let v(n) = -n**2 - 14*n - 3. Give v(-11).
30
Let g(j) = -j**3 - 15*j**2 + 2851*j + 37398. Give g(-13).
-3
Let i(r) = -r**2 - 34*r - 124. Calculate i(-23).
129
Let i(b) = 242*b + 1203. Determine i(-5).
-7
Let q(b) = 19*b + 57. Calculate q(-4).
-19
Let p(l) = 1623*l + 64925. What is p(-40)?
5
Let f(w) = w**2 + 199*w + 8413. What is f(-61)?
-5
Let h(c) = 2*c**2 - 68*c + 16. Give h(36).
160
Let v(z) = z**2 - 53*z - 7116. Give v(115).
14
Let t(z) = 3*z**2 + 23*z + 22. Calculate t(-7).
8
Let i(v) = -4*v**2 - 2094*v + 2093. Determine i(1).
-5
Let n(d) = 2790*d + 13947. Give n(-5).
-3
Let s(m) = -154*m + 2774. Calculate s(18).
2
Let k(d) = 97*d + 3788. What is k(-39)?
5
Let v(c) = c**3 + 17*c**2 - 8*c - 122. Determine v(-17).
14
Let y(r) = -1672*r + 3353. Calculate y(2).
9
Let a(d) = -d**2 - 228*d - 12602. Determine a(-134).
-6
Let z(i) = 378*i + 8311. Give z(-22).
-5
Let c(o) = 91*o - 1619. Calculate c(18).
19
Let g(s) = 170*s**2 + 1945*s - 1946. Give g(1).
169
Let z(n) = -793*n + 738. Calculate z(1).
-55
Let d(n) = n**3 - 90*n**2 + 6*n - 549. Calculate d(90).
-9
Let h(c) = c**2 - 46*c - 610. Give h(-11).
17
Let n(d) = d**3 + 5*d**2 + 12. Give n(-5).
12
Let z(p) = 111*p - 228. What is z(2)?
-6
Let s(h) = -5*h**2 + 872*h - 1727. What is s(2)?
-3
Let w(b) = 30*b + 206. Calculate w(-10).
-94
Let g(z) = -81*z - 1455. Give g(-18).
3
Let k(t) = -23*t**2 + 676*t - 262. Determine k(29).
-1
Let c(n) = -12*n**2 + 14*n + 128. What is c(-5)?
-242
Let w(q) = -2*q**2 - 226*q + 2353. Determine w(10).
-107
Let c(f) = 46*f + 1428. What is c(-36)?
-228
Let m(y) = y**3 - 114*y**2 - 13*y + 1526. What is m(114)?
44
Let x(n) = 49*n + 1675. Give x(-34).
9
Let b(z) = z**3 + 15*z**2 - 6*z - 1. Determine b(0).
-1
Let z(q) = 105*q + 2155. Calculate z(-21).
-50
Let h(p) = -2*p**3 + 35*p**2 - 41*p - 119. Determine h(16).
-7
Let f(r) = 18*r**3 + r**2 + 9*r + 1. Give f(3).
523
Let k(l) = l**2 + 29*l - 26. What is k(-31)?
36
Let m(b) = -101*b**2 + b + 1. Determine m(-1).
-101
Let f(y) = y**3 - 17*y**2 - 4*y + 45. What is f(17)?
-23
Let j(p) = 54*p**2 + 40*p - 1. Determine j(-1).
13
Let c(j) = -2*j**2 + 15*j - 38. Give c(5).
-13
Let v(a) = 29*a + 682. What is v(-23)?
15
Let u(t) = -t**3 + 5*t**2 + 19*t - 30. What is u(6)?
48
Let h(t) = -231*t - 1332. Determine h(-6).
54
Let f(b) = -b**3 + 76*b**2 - 78*b - 65. What is f(75)?
-290
Let p(c) = 96*c - 1. What is p(0)?
-1
Let t(b) = -213*b + 244. Determine t(1).
31
Let l(a) = -140*a - 2. Calculate l(0).
-2
Let m(a) = -2*a**3 + 9*a**2 - 257*a + 2045. Calculate m(7).
1
Let c(z) = -z**2 + 10*z + 358. Give c(25).
-17
Let q(n) = 22*n - 1. What is q(